 Let t be b(4). Let h = 76 + t. Calculate the highest common divisor of h and 33.
11
Let q be 5/20 + (-3089)/4. Let r = q - -1412. Suppose -173 = -2*l - 2*a + 91, -5*l = -5*a - r. What is the greatest common divisor of 26 and l?
26
Let m = -6285 - -28112. What is the greatest common factor of 598 and m?
299
Let h be ((-1524)/(-10))/(-29 + (-11799)/(-405)). Calculate the highest common divisor of h and 63.
9
Let p(g) = g**3 - 7*g**2 + 20. Let b be ((-30)/12 + 4)*6. Let f be p(b). Calculate the highest common divisor of 42 and f.
14
Suppose -5*k - 395 = -3*v, -4*v - 5*k = -8*k - 501. Suppose 4*m = 253 - 13. What is the highest common divisor of v and m?
60
Let b be (-2 - 100/15)*(831/(-6) - 1). What is the greatest common divisor of b and 465?
93
Let l = -721 - -1397. Let c be (-8)/32 - l/(-16). What is the highest common factor of 42 and c?
42
Let x(w) = w - 26. Let t be x(0). Let v = 46 + t. Let a = 327 - 227. Calculate the highest common factor of a and v.
20
Let b = 92 + -89. Suppose 2*h - 16 = -b*s, -4*s - 1 = -4*h - 9. Suppose -65 = -f - 5*n, 6*n - s*n = 2*f - 70. Calculate the greatest common divisor of f and 20.
20
Let c(q) be the second derivative of q**5/20 + q**4/3 - q**3/2 - 3*q**2/2 - 68*q. Let f be c(-4). What is the greatest common factor of 3 and f?
3
Let w = 29314 - 28689. Calculate the highest common factor of w and 25.
25
Suppose -f - 7*n + 377 = 0, 76 = -5*f + 2*n + 1961. Calculate the greatest common divisor of 832 and f.
13
Let y = 231 - 87. Let r = 338 - 392. Let w be ((-36)/r)/((-2)/6)*-8. What is the greatest common factor of w and y?
16
Let u(m) = -1444*m + 416. Let t be u(-1). What is the greatest common divisor of t and 775?
155
Let l(b) = b**2 + 8*b + 19. Let u be l(-9). Let d be u - (-1 + 36/6). What is the greatest common factor of d and 23?
23
Suppose 7*n - 9*n + 984 = 2*m, -n - 498 = -m. What is the greatest common divisor of m and 1440?
45
Suppose 0 = s + 3*s - 212. Let r be ((-7)/(-4))/(82/328). Let h be 5 + 2597/r - 5. What is the highest common factor of h and s?
53
Let a be (-306)/(-204) + 2*2/(-16)*-194. What is the greatest common divisor of a and 20450?
50
Let i(d) = -3*d - 51. Let u = -100 + 78. Let q be i(u). Suppose 13*a - q = 8*a. Calculate the highest common factor of a and 6.
3
Let w(i) be the third derivative of 37/6*i**3 + 0*i + 16*i**2 + 0 - 1/24*i**4. Let y be w(17). Calculate the highest common factor of y and 30.
10
Suppose -6*q - 116 = -2*q. Let y = q + 44. Let c = -149 - -224. What is the greatest common factor of y and c?
15
Let b be (12/(-2))/(-1 - 17/(-20)). Suppose 7*t - 12*t = -350. Suppose -9*o + t = -2*o. What is the greatest common factor of b and o?
10
Let b be 9/(((-2967)/43930)/(-43)). What is the highest common factor of 30 and b?
30
Let a(n) = 57*n**2 - 186*n - 155. Let m be a(-8). What is the greatest common divisor of m and 2051?
293
Let i(s) be the first derivative of 21*s**2/2 - 48*s - 75. Let x be i(4). Let l be 2/3 + (-68)/(-6). What is the greatest common divisor of l and x?
12
Suppose -4*v + 3*v = 0. Suppose 5*t - 2*z - 379 = 0, v = -t - 4*z - z + 92. What is the highest common factor of t and 21?
7
Let y = -2159 - -2199. Let v(t) = t**3 - 5*t**2 - 4*t - 10. Let h be v(7). Calculate the highest common divisor of y and h.
20
Suppose -7*t + 40 = 2*m - 5*t, -5*m + t = -70. Suppose -6 + 36 = 3*d + 3*y, 0 = -5*y + m. What is the highest common factor of d and 7?
7
Suppose 3*r = -4*b + 5515, 2*b - 6885 = -4*r + 485. What is the greatest common factor of r and 18?
9
Suppose 936 = 2*j - 2*w, -2*j - 134*w + 939 = -137*w. Calculate the greatest common factor of 2015 and j.
155
Let v(c) = -290*c + 1981. Let m be v(5). What is the highest common divisor of m and 1121?
59
Suppose 51*t - 53*t = 3*f - 131, 2*t - 149 = 3*f. What is the greatest common divisor of 518 and t?
14
Suppose -2*t + 5*s + 20 = -147, 2*s + 85 = t. What is the greatest common divisor of 1235 and t?
13
Let t(z) = 38*z + 121. Let i be t(-2). Suppose -308*f = -303*f - i. Suppose 162 = -2*r + 4*r. Calculate the highest common factor of r and f.
9
Let c = -2940 - -3017. What is the greatest common divisor of c and 770?
77
Let s = -22701 - -24403. What is the greatest common factor of 740 and s?
74
Let b = 156 + -159. Let t be 11 + -2 - (-2 - (b - -4)). What is the highest common divisor of t and 6?
6
Let f be (-100)/(-6)*(-3 + 6). Let q = -690 - -650. Let o = f + q. What is the highest common divisor of 50 and o?
10
Let g(s) = -134*s**2 + 19*s + 65*s**2 + 72*s**2 - 40. Let h be g(4). What is the greatest common factor of 7 and h?
7
Suppose -398*f + 396*f = -272. Suppose -42*r + f = -1250. What is the greatest common divisor of r and 231?
33
Let u be ((-102)/8)/((-18)/168). Suppose -124*f + u*f + 2750 = 0. What is the greatest common factor of f and 50?
50
Let u = 305 + -853. Let j = 608 + u. What is the greatest common factor of j and 30?
30
Let l be ((-31870)/(-20) - -21) + 5/(-2). What is the greatest common divisor of 104 and l?
52
Suppose -11 = -3*t - 47. Let d be 45 - ((-3)/2)/(9/t). Let a = -14 + d. What is the greatest common divisor of 58 and a?
29
Let j = 148 + -549. Let n = j + 419. What is the highest common divisor of 294 and n?
6
Let q(g) = 18*g**2 - 98*g + 383. Let m be q(4). What is the greatest common divisor of 868 and m?
31
Suppose 247*r = 93*r + 30492. What is the greatest common factor of r and 96?
6
Let v = 9432 - 9418. What is the greatest common divisor of 370 and v?
2
Let j(x) = x**2 - 6*x + 6. Let y be j(6). Let u be (-1 + 2)/((-3)/(-117)). What is the greatest common factor of y and u?
3
Suppose -20*i + 397 - 37 = 0. Let q(c) = c - 7. Let m be q(10). Suppose -5*o + m*o = -48. Calculate the greatest common factor of i and o.
6
Suppose 259*c = 176*c + 609137. What is the greatest common factor of 41 and c?
41
Suppose -402*o + 405*o - 1959 = 0. Let i = -625 + o. Calculate the greatest common factor of 126 and i.
14
Suppose -2*d = 331 - 903. Suppose -2*z - 4*t + 74 = 0, 0 = -z + 7*t - 10*t + 41. Let g be z + (-18)/(-5 + 11). What is the greatest common divisor of d and g?
26
Let c be (-3)/(-21)*191 - (-8)/(-28). Suppose -7*r + 4*r + 180 = 2*r. What is the highest common factor of r and c?
9
Let k(i) = -i**3 + 23*i**2 - 83*i + 185. Let p be k(19). Calculate the highest common divisor of 7592 and p.
52
Let f(p) = 4*p + 8. Let i be f(8). Suppose 0 = 5*k + 10, -5*z + 0*k + 544 = -2*k. Let a = z + -48. What is the greatest common factor of i and a?
20
Let w = 998 + -992. What is the greatest common divisor of 1086 and w?
6
Let o = -49 - -34. Let b be 22 - -5*(39/o + 3). Suppose -11*k - b = -15*k. What is the greatest common factor of 12 and k?
6
Let v = 15063 - 12088. What is the highest common factor of 1400 and v?
175
Let i(s) be the second derivative of s**5/20 + s**4/12 - 34*s**3/3 + s**2 + 93*s. Let q be i(-6). What is the highest common divisor of 46 and q?
46
Suppose 236 = -4*t + 2*g + 1238, -3*t + g + 751 = 0. Let j = -196 + t. What is the highest common divisor of 756 and j?
54
Suppose 4*y = 4*p + 384, 0 = y - 33*p + 31*p - 96. What is the highest common factor of 608 and y?
32
Suppose -2*n + 61 = -5*s - 15, 3*n - 26 = 2*s. Let k be (1 + 6/2)*535/20. Let o = s + k. What is the greatest common factor of o and 13?
13
Let f(m) = 96*m**2 - 665*m + 1. Let y be f(7). What is the greatest common factor of 2025 and y?
25
Suppose 71*q - 7784 = 63216. Let a = q + -977. Suppose 0*v - 230 = -2*v. Calculate the greatest common divisor of a and v.
23
Let a(x) = 5*x + 4. Let z be a(3). Suppose 55*h - 439 - 355 = 251. Calculate the greatest common divisor of z and h.
19
Suppose 0 = -9*w - d + 4134, -5*d - 171 + 141 = 0. Calculate the highest common divisor of 3565 and w.
115
Let j(h) = -4*h**2 - 102*h - 21. Let r be j(-25). Suppose 2432 = r*v - 758. Calculate the highest common divisor of v and 88.
22
Let a(y) = 41*y**3 - y**2 - 6*y - 10. Let j be a(-2). Let s = -315 - j. Calculate the greatest common factor of s and 75.
15
Let u(y) = 4*y + 4. Let q be u(1). Let j be (9 - 2)/(-5 + 6). Suppose 111 = j*d - 1. What is the highest common factor of d and q?
8
Let o = -25 - -185. Let b = 279 - o. Let f be (-12)/21 - -106*(-1)/(-14). What is the highest common factor of f and b?
7
Let o = 15656 + -15627. Calcul